(-34)/(-119) + (-10706)/(-14). Let f = u + -526. Is f composite?
False
Let q(z) = -289*z + 10. Let k be (6 + -2)*(0 + 6/(-8)). Is q(k) composite?
False
Is 6357*(2 + 1) + 2 - 4 composite?
False
Suppose -d + 5*d = -3*z + 3406, 2*z + 5*d = 2259. Suppose w + 297 = 4*s - 1991, z = 2*s - w. Is s composite?
True
Let j(f) = 5*f**3 - 2*f**2 + 4*f - 8. Let y be j(5). Let g = y - 376. Is g a composite number?
False
Let f(c) be the first derivative of 377/3*c**3 - 7 + 0*c**2 + 2*c. Is f(1) a composite number?
False
Suppose 9*m - 3*m - 13998 = 0. Is m prime?
True
Suppose -6*l - 458 = -3362. Let d = l + -297. Is d a prime number?
False
Is 4780/(-30)*(-948)/8 a prime number?
False
Suppose 4*f - 384 = 1124. Suppose j + 2 = 0, -6*i + 3*i = j + f. Is i/(-6) - (-2)/12 a prime number?
False
Let m(c) = -341*c - 4. Let r(v) be the second derivative of -170*v**3/3 - 3*v**2/2 + 3*v. Let q(o) = 4*m(o) - 5*r(o). Is q(1) a composite number?
True
Let n be (3 + -2)/((-2)/(-14)). Suppose 5*c + 33 = -n. Is ((-1)/(-2))/(c/(-3376)) a composite number?
False
Suppose -2*z = -1 - 7. Suppose -z*d - 106 = -x, 3*d + 55 = -x + 161. Is x composite?
True
Suppose 16*p = 14*p + 4. Suppose -3*v + 232 = -p*g, -v + g = -g - 76. Is (86/6)/(2/v) a composite number?
True
Let t(a) = 6*a + 3. Let o be t(3). Is (-358)/(-7) - 3/o composite?
True
Suppose -3*j + 6 + 6 = 0. Let k be (-10)/(-25) - 3/(-5) - 1. Suppose -j*g - 16 + 668 = k. Is g a prime number?
True
Let k(y) be the second derivative of 41*y**5/20 + y**4/3 - y**3 + 3*y**2/2 - 11*y. Is k(2) prime?
False
Let z(w) = w + 5. Let j be z(-2). Is 6/j*1070/4 a composite number?
True
Suppose 0 = -4*p + 4*q + 24, -2 - 8 = -p + 2*q. Let i(o) = -24*o**2 + 3*o - 2. Let u be i(p). Let z = u + 249. Is z composite?
False
Let a be 58*((-15)/(-10) + 19/2). Suppose -a + 2464 = 2*b. Is b composite?
True
Let m(t) be the first derivative of 2*t**2 + 89*t + 15. Is m(0) composite?
False
Suppose 0 = -8*u + 51579 + 141773. Is u a prime number?
True
Suppose 25322 = 2*n - m, -m + 25322 = 2*n + 2*m. Is n composite?
True
Suppose -18*i + 134230 = -114404. Is i composite?
True
Let s(n) = 17*n**2 + 19*n - 11. Suppose -3*u + 6 = -0*u, -u + 23 = 3*y. Is s(y) prime?
False
Let d = 1771 - -2620. Is d prime?
True
Suppose 4*a + 1 + 7 = 0. Let u be a/(-5) - (-10)/(-25). Suppose -t + v + 2*v + 121 = u, -t = v - 129. Is t a prime number?
True
Let m be (2/(-7))/(3/(-21)). Suppose -2*u + 1 = -3*y + 9, m*u - 5*y = -8. Is u/(-22) - (-678)/22 a composite number?
False
Let v(c) = 218*c**2 + 27*c - 103. Is v(5) a composite number?
True
Let g = -9 - -2. Let s(w) = 15*w**2 - w - 2. Let h be s(g). Suppose -z + h = 5*l, -2*l + 437 = l + 2*z. Is l a prime number?
True
Let s(y) = 2*y - 5. Let m be s(1). Is ((-7)/m + -3)*6 + 27 composite?
False
Is 39/156 + (-10886)/(-8) prime?
True
Suppose -19*j + 2045 + 1964 = 0. Is j a prime number?
True
Suppose -3 - 1 = -2*w. Suppose 0*c - 1437 = -3*c - 2*p, 958 = w*c - p. Is c a composite number?
False
Let u = -20 - -18. Let i(j) = 63*j + 5. Let d(k) = -63*k - 5. Let o(a) = u*i(a) - 3*d(a). Is o(7) prime?
False
Let x(z) = 330*z**2 + 28*z - 139. Is x(5) prime?
False
Suppose -v + 3*y - 6 = 4*y, -16 = 2*v + 4*y. Is (-2)/v + -718*(-14)/8 a composite number?
True
Let j(b) = 17*b + 24*b - b**2 - 46*b - 4. Let v be j(-3). Is 1 - -249 - (v - 3) prime?
True
Suppose -6*n - 3*n + 45 = 0. Is -1502*(-3)/(30/n) a prime number?
True
Let p(w) = 18494*w**3 + w**2 - 7*w + 5. Is p(1) a composite number?
False
Let o(q) be the second derivative of q**3/6 - 5*q**2 - 4*q. Let b be o(11). Is 149 - 0/(2/b) prime?
True
Suppose -1890 = -3*m + 4*i + 109, -4*m - 5*i = -2717. Is m a composite number?
False
Let x(g) = g**3 + 1. Let a(z) = -z - 4*z**3 - 15*z - 8 - 13*z**2 - 9. Let d(r) = a(r) + 3*x(r). Is d(-12) a composite number?
True
Let p = -43 - -52. Suppose p*h - h = 1784. Is h a prime number?
True
Let t(x) = 81*x - 4. Suppose -37 + 102 = 5*a. Suppose 0 = -4*o - l + a, 0*l + 2*l = 2. Is t(o) prime?
True
Is (149970/60)/(1/2) composite?
False
Suppose -x = -h + 3*h - 4, 2 = 2*x - 2*h. Let n = 208 - 115. Suppose 5*b - n = x. Is b prime?
True
Let k(q) = -5*q. Let d be k(1). Let f = d + 9. Let h(w) = w**3 - 3*w**2 + w - 1. Is h(f) prime?
True
Suppose -3*f + 6 = 33. Is ((-3)/f)/(34534/(-8634) + 4) prime?
True
Suppose 5*s - 54 = 6. Let i be 20/(-3)*s/(-10). Suppose -6*o + i*o - 658 = 0. Is o composite?
True
Let z(u) = 102*u**2 + 2*u - 3. Let n(t) = -103*t**2 - 2*t + 4. Let y(r) = 4*n(r) + 5*z(r). Is y(-1) composite?
False
Let v = -93 - -102. Suppose 472 = -j + v*j. Is j a prime number?
True
Let h = 12 + -12. Is h/2 + (1 - -445) + 5 prime?
False
Let j(q) be the third derivative of -2/3*q**3 + 0 - 2*q**2 + 7/24*q**4 + 0*q. Is j(2) composite?
True
Let g(k) = 44*k + 4417. Is g(0) prime?
False
Suppose 1024 - 79 = 5*l. Let d be l/((-4)/(16/(-4))). Let f = d + 62. Is f a prime number?
True
Let l(p) = 11*p**3 + 2*p**2 - 4*p + 3. Suppose -5*u - 17 = 4*n + 14, 2*u = 4*n + 38. Let v = n - -11. Is l(v) a composite number?
True
Suppose -2*h + 49 = 2*h + 5*o, 0 = -4*h - o + 29. Suppose -4*q = b - 10, 2 + h = b + 3*q. Is (74/b)/((-1)/(-3)) prime?
False
Suppose -k = 0, d + 4*k - 316 = 248. Suppose 109 - d = 4*w + 3*v, -w - 111 = -2*v. Let i = w + 324. Is i a composite number?
False
Is (28/(-28))/(-1*3)*17007 composite?
False
Suppose 5*u + 627 = 4*q, 0 = q - u - 75 - 82. Let l = 281 - q. Is l a composite number?
True
Let i = -25031 - -56382. Is i a composite number?
True
Let g be 1 + -4 - (-166 + -6). Let x(o) = -253*o + g*o**3 + 99*o**3 - 1 + 255*o. Is x(1) a composite number?
False
Suppose -4*v + 8204 = 54*f - 56*f, -6151 = -3*v + f. Is v composite?
True
Suppose i - 1469 = -2*j, -i + 1477 = -0*j + 4*j. Suppose -487 = -4*l + i. Is l prime?
True
Let o(q) = 91*q + 36. Let d(s) = -18*s - 7. Let l(a) = 11*d(a) + 2*o(a). Is l(-16) a composite number?
False
Suppose -4*s - 8406 = -b + 1819, -2*b + 2*s = -20432. Is b composite?
True
Let a = -50 - -96. Let n = 337 - a. Suppose 3*b + 3*d = 426, 2*d + n - 3 = 2*b. Is b composite?
True
Suppose -3*k - 5*n + 6 = 0, 11 = 5*k - 2*n + 1. Suppose -k*h + 1034 + 192 = 0. Is h a composite number?
False
Suppose -458085 = -5*f + 5*h, 3*h + 183230 = -21*f + 23*f. Is f prime?
True
Suppose 183*t + 313710 = 189*t. Is t a prime number?
False
Let f(s) = -s + 1. Let m(x) = 5*x - 2. Let c(r) = 6*f(r) + m(r). Let b be c(8). Is (-344)/b + (0 - 3) composite?
False
Let o be (-47592)/(-68) + (-72)/(-34) + -2. Is (6/18 - o/3)/(-1) composite?
False
Let j(v) = -88*v - 5. Let t be j(-2). Suppose 3*s - 66 = t. Is s prime?
True
Suppose 5*m = -5*j, 0 = 2*m - j + 5*j + 8. Suppose 2*x - x + 4 = p, -4 = m*x - p. Is x - (2 + 0) - -85 prime?
True
Let v(u) = 2261*u**2 + 55*u - 269. Is v(6) a prime number?
True
Is (905 - -5) + -6 + -5 prime?
False
Suppose -3*w + 50 = -5*i - 296, 3*w + i = 352. Let v = w - 61. Suppose v = 2*j - 110. Is j a composite number?
False
Suppose 5*w + 5*i = -10, -2*w + 0*i - 4 = -i. Is (-30)/(-12)*-53*(0 + w) prime?
False
Let p(u) = 1082*u**2 - 11*u + 55. Is p(6) prime?
False
Suppose -2*b = -5*b + 51. Suppose 3*v + 13 - 36 = 2*r, 2*r + 5*v = 17. Let o = b + r. Is o a composite number?
False
Suppose 3*n - 3*w = 6, -2*n - 4*w - 7 = 1. Suppose -5*h - m + 23 = 0, 0 = h - 5*m - n + 11. Suppose -2*a + 4*a - 414 = h*y, 2*y = 10. Is a a prime number?
False
Let t(i) = -129*i + 2. Let n = 47 + -56. Is t(n) a prime number?
True
Is 6 + -1 + 9578 - -4 composite?
False
Let z(h) = -h + 4. Let g be z(10). Let o be ((-456)/(-32))/(g/(-176)). Suppose 5*m + 203 = 3*p - 2*p, 2*p - 4*m - o = 0. Is p a prime number?
False
Suppose -47610 = -15*m + 30345. Is m a composite number?
False
Let u(f) = 48*f + 12. Let v be u(10). Suppose -2*h = 46 - v. Is h a prime number?
True
Suppose 4*g + 4*g = 6*g. Suppose 4*n + g = 4, 4*o + n = 4853. Is o prime?
True
Let y(t) = 28*t + 59. Is y(17) a composite number?
True
Let g(j) be the third derivative of -j**5/60 + 5*j**4/24 + j**3 - 7*j**2. Let v be g(5). Is -4*(1 + (-57)/v) prime?
False
Suppose -8*p = 7031 + 7857. Let o = 3116 + p. Is o a prime number?
False
Suppose -4*b + 5*b - 2473 = 0. Is b a composite number?
False
Suppose 0 = 3*o - 4*d - 6935, -4*o = -5*o + d + 2311. Let t = 2730 + o. Is t composite?
False
Let q be (-4)/(-14) + 19730/35. Let c = 841 - q. Is 